{"id":70,"date":"2017-04-24T22:28:07","date_gmt":"2017-04-24T20:28:07","guid":{"rendered":"http:\/\/bertrandassezat-psychologue.fr\/?page_id=70"},"modified":"2025-09-23T13:52:23","modified_gmt":"2025-09-23T11:52:23","slug":"bienvenu","status":"publish","type":"page","link":"https:\/\/bertrandassezat-psychologue.fr\/","title":{"rendered":""},"content":{"rendered":"\n<p>Avec une bienveillance certaine, je vous propose un soutien \u00e0 partir d\u2019entretiens ponctuels, un accompagnement th\u00e9rapeutique d\u2019orientation psychanalytique ou une analyse.<\/p>\n\n\n\n<p>J&rsquo;accueille ainsi :&nbsp;<\/p>\n\n\n\n<ul class=\"wp-block-list\">\n<li><a href=\"http:\/\/bertrandassezat-psychologue.fr\/?page_id=75\">les adultes<\/a><\/li>\n\n\n\n<li><a href=\"http:\/\/bertrandassezat-psychologue.fr\/?page_id=77\">les enfants et des adolescents<\/a><\/li>\n\n\n\n<li><a href=\"http:\/\/bertrandassezat-psychologue.fr\/?page_id=81\">les b\u00e9b\u00e9s et leurs parents \u00e0 qui s\u2019adressent des consultations, ainsi que des traitements pr\u00e9coces parents-b\u00e9b\u00e9s<\/a><\/li>\n\n\n\n<li><a href=\"http:\/\/bertrandassezat-psychologue.fr\/?page_id=79\">les parents autour d\u2019interrogations concernant leurs enfants ou leurs adolescents<\/a><\/li>\n\n\n\n<li><a href=\"http:\/\/bertrandassezat-psychologue.fr\/?page_id=431\">les couples<\/a><\/li>\n<\/ul>\n\n\n\n<p>Vous pouvez prendre rendez vous au <strong>07 85 86 81 73<\/strong> ou sur <a href=\"https:\/\/www.doctolib.fr\/psychologue\/colombes\/bertrand-assezat\">Doctolib<\/a>.<\/p>\n\n\n\n<p><strong>Le cabinet se situe au 6 avenue Chevreul, Asni\u00e8res sur Seine : \u00e0 la gare de Becon les Bruyeres.<\/strong><\/p>\n\n\n\n<p>Le cabinet est install\u00e9 dans le Cabinet param\u00e9dical des Bruy\u00e8res. <\/p>\n\n\n\n<p>Psychologue Clinicien dipl\u00f4m\u00e9 de la Facult\u00e9 de Paris 5 et Psychoth\u00e9rapeute certifi\u00e9 par l&rsquo;Agence R\u00e9gional de la Sant\u00e9, Psychanalyste (SPP).<\/p>\n","protected":false},"excerpt":{"rendered":"<p>Avec une bienveillance certaine, je vous propose un soutien \u00e0 partir d\u2019entretiens ponctuels, un accompagnement th\u00e9rapeutique d\u2019orientation psychanalytique ou une analyse. J&rsquo;accueille ainsi :&nbsp; Vous pouvez prendre rendez vous au 07 85 86 81 73 ou sur Doctolib. Le cabinet se situe au 6 avenue Chevreul, Asni\u00e8res sur Seine : \u00e0 la gare de Becon [&hellip;]<\/p>\n","protected":false},"author":1,"featured_media":0,"parent":0,"menu_order":0,"comment_status":"closed","ping_status":"closed","template":"","meta":{"_monsterinsights_skip_tracking":false,"_monsterinsights_sitenote_active":false,"_monsterinsights_sitenote_note":"","_monsterinsights_sitenote_category":0,"footnotes":""},"class_list":["post-70","page","type-page","status-publish","hentry"],"yoast_head":"<!-- This site is optimized with the Yoast SEO plugin v27.3 - https:\/\/yoast.com\/product\/yoast-seo-wordpress\/ -->\n<title>- Bertrand ASSEZAT<\/title>\n<meta name=\"robots\" content=\"index, follow, max-snippet:-1, max-image-preview:large, max-video-preview:-1\" \/>\n<link rel=\"canonical\" href=\"https:\/\/bertrandassezat-psychologue.fr\/\" \/>\n<meta property=\"og:locale\" content=\"fr_FR\" \/>\n<meta property=\"og:type\" content=\"article\" \/>\n<meta property=\"og:title\" content=\"- Bertrand ASSEZAT\" \/>\n<meta property=\"og:description\" content=\"Avec une bienveillance certaine, je vous propose un soutien \u00e0 partir d\u2019entretiens ponctuels, un accompagnement th\u00e9rapeutique d\u2019orientation psychanalytique ou une analyse. J&rsquo;accueille ainsi :&nbsp; Vous pouvez prendre rendez vous au 07 85 86 81 73 ou sur Doctolib. Le cabinet se situe au 6 avenue Chevreul, Asni\u00e8res sur Seine : \u00e0 la gare de Becon [&hellip;]\" \/>\n<meta property=\"og:url\" content=\"https:\/\/bertrandassezat-psychologue.fr\/\" \/>\n<meta property=\"og:site_name\" content=\"Bertrand ASSEZAT\" \/>\n<meta property=\"article:modified_time\" content=\"2025-09-23T11:52:23+00:00\" \/>\n<meta name=\"twitter:card\" content=\"summary_large_image\" \/>\n<meta name=\"twitter:label1\" content=\"Dur\u00e9e de lecture estim\u00e9e\" \/>\n\t<meta name=\"twitter:data1\" content=\"1 minute\" \/>\n<script type=\"application\/ld+json\" class=\"yoast-schema-graph\">{\"@context\":\"https:\\\/\\\/schema.org\",\"@graph\":[{\"@type\":\"WebPage\",\"@id\":\"https:\\\/\\\/bertrandassezat-psychologue.fr\\\/\",\"url\":\"https:\\\/\\\/bertrandassezat-psychologue.fr\\\/\",\"name\":\"- Bertrand ASSEZAT\",\"isPartOf\":{\"@id\":\"https:\\\/\\\/bertrandassezat-psychologue.fr\\\/#website\"},\"datePublished\":\"2017-04-24T20:28:07+00:00\",\"dateModified\":\"2025-09-23T11:52:23+00:00\",\"inLanguage\":\"fr-FR\",\"potentialAction\":[{\"@type\":\"ReadAction\",\"target\":[\"https:\\\/\\\/bertrandassezat-psychologue.fr\\\/\"]}]},{\"@type\":\"WebSite\",\"@id\":\"https:\\\/\\\/bertrandassezat-psychologue.fr\\\/#website\",\"url\":\"https:\\\/\\\/bertrandassezat-psychologue.fr\\\/\",\"name\":\"Bertrand ASSEZAT\",\"description\":\"Psychologue Clinicien - Psychoth\u00e9rapeute - Psychanalyste (SPP) \u00e0 Asni\u00e8res Sur Seine, gare de Becon les Bruyeres\",\"potentialAction\":[{\"@type\":\"SearchAction\",\"target\":{\"@type\":\"EntryPoint\",\"urlTemplate\":\"https:\\\/\\\/bertrandassezat-psychologue.fr\\\/?s={search_term_string}\"},\"query-input\":{\"@type\":\"PropertyValueSpecification\",\"valueRequired\":true,\"valueName\":\"search_term_string\"}}],\"inLanguage\":\"fr-FR\"}]}<\/script>\n<!-- \/ Yoast SEO plugin. -->","yoast_head_json":{"title":"- Bertrand ASSEZAT","robots":{"index":"index","follow":"follow","max-snippet":"max-snippet:-1","max-image-preview":"max-image-preview:large","max-video-preview":"max-video-preview:-1"},"canonical":"https:\/\/bertrandassezat-psychologue.fr\/","og_locale":"fr_FR","og_type":"article","og_title":"- Bertrand ASSEZAT","og_description":"Avec une bienveillance certaine, je vous propose un soutien \u00e0 partir d\u2019entretiens ponctuels, un accompagnement th\u00e9rapeutique d\u2019orientation psychanalytique ou une analyse. J&rsquo;accueille ainsi :&nbsp; Vous pouvez prendre rendez vous au 07 85 86 81 73 ou sur Doctolib. Le cabinet se situe au 6 avenue Chevreul, Asni\u00e8res sur Seine : \u00e0 la gare de Becon [&hellip;]","og_url":"https:\/\/bertrandassezat-psychologue.fr\/","og_site_name":"Bertrand ASSEZAT","article_modified_time":"2025-09-23T11:52:23+00:00","twitter_card":"summary_large_image","twitter_misc":{"Dur\u00e9e de lecture estim\u00e9e":"1 minute"},"schema":{"@context":"https:\/\/schema.org","@graph":[{"@type":"WebPage","@id":"https:\/\/bertrandassezat-psychologue.fr\/","url":"https:\/\/bertrandassezat-psychologue.fr\/","name":"- Bertrand ASSEZAT","isPartOf":{"@id":"https:\/\/bertrandassezat-psychologue.fr\/#website"},"datePublished":"2017-04-24T20:28:07+00:00","dateModified":"2025-09-23T11:52:23+00:00","inLanguage":"fr-FR","potentialAction":[{"@type":"ReadAction","target":["https:\/\/bertrandassezat-psychologue.fr\/"]}]},{"@type":"WebSite","@id":"https:\/\/bertrandassezat-psychologue.fr\/#website","url":"https:\/\/bertrandassezat-psychologue.fr\/","name":"Bertrand ASSEZAT","description":"Psychologue Clinicien - Psychoth\u00e9rapeute - Psychanalyste (SPP) \u00e0 Asni\u00e8res Sur Seine, gare de Becon les Bruyeres","potentialAction":[{"@type":"SearchAction","target":{"@type":"EntryPoint","urlTemplate":"https:\/\/bertrandassezat-psychologue.fr\/?s={search_term_string}"},"query-input":{"@type":"PropertyValueSpecification","valueRequired":true,"valueName":"search_term_string"}}],"inLanguage":"fr-FR"}]}},"jetpack_sharing_enabled":true,"_links":{"self":[{"href":"https:\/\/bertrandassezat-psychologue.fr\/index.php?rest_route=\/wp\/v2\/pages\/70","targetHints":{"allow":["GET"]}}],"collection":[{"href":"https:\/\/bertrandassezat-psychologue.fr\/index.php?rest_route=\/wp\/v2\/pages"}],"about":[{"href":"https:\/\/bertrandassezat-psychologue.fr\/index.php?rest_route=\/wp\/v2\/types\/page"}],"author":[{"embeddable":true,"href":"https:\/\/bertrandassezat-psychologue.fr\/index.php?rest_route=\/wp\/v2\/users\/1"}],"replies":[{"embeddable":true,"href":"https:\/\/bertrandassezat-psychologue.fr\/index.php?rest_route=%2Fwp%2Fv2%2Fcomments&post=70"}],"version-history":[{"count":48,"href":"https:\/\/bertrandassezat-psychologue.fr\/index.php?rest_route=\/wp\/v2\/pages\/70\/revisions"}],"predecessor-version":[{"id":471,"href":"https:\/\/bertrandassezat-psychologue.fr\/index.php?rest_route=\/wp\/v2\/pages\/70\/revisions\/471"}],"wp:attachment":[{"href":"https:\/\/bertrandassezat-psychologue.fr\/index.php?rest_route=%2Fwp%2Fv2%2Fmedia&parent=70"}],"curies":[{"name":"wp","href":"https:\/\/api.w.org\/{rel}","templated":true}]}}